 is the hundreds digit of 80249?
2
What is the hundred thousands digit of 3800077?
8
What is the hundreds digit of 8996532?
5
What is the ten thousands digit of 3312695?
1
What is the thousands digit of 916146?
6
What is the ten millions digit of 12422722?
1
What is the ten thousands digit of 4202081?
0
What is the ten thousands digit of 113471?
1
What is the hundred thousands digit of 1883142?
8
What is the millions digit of 7138433?
7
What is the millions digit of 7161661?
7
What is the tens digit of 1344946?
4
What is the hundred thousands digit of 295717?
2
What is the hundred thousands digit of 2675538?
6
What is the ten thousands digit of 3876146?
7
What is the thousands digit of 15200?
5
What is the units digit of 8438137?
7
What is the tens digit of 957266?
6
What is the units digit of 2355570?
0
What is the millions digit of 3266102?
3
What is the thousands digit of 6243914?
3
What is the units digit of 2366?
6
What is the tens digit of 606838?
3
What is the thousands digit of 1066380?
6
What is the hundred thousands digit of 2564217?
5
What is the thousands digit of 3778531?
8
What is the tens digit of 569112?
1
What is the hundred thousands digit of 182681?
1
What is the hundreds digit of 716163?
1
What is the ten thousands digit of 1459588?
5
What is the thousands digit of 35748?
5
What is the millions digit of 2336675?
2
What is the ten millions digit of 23499574?
2
What is the tens digit of 6267224?
2
What is the hundreds digit of 287446?
4
What is the millions digit of 1242569?
1
What is the millions digit of 1326127?
1
What is the ten thousands digit of 2976526?
7
What is the hundreds digit of 4025742?
7
What is the tens digit of 754175?
7
What is the units digit of 15417739?
9
What is the hundreds digit of 6699227?
2
What is the thousands digit of 231836?
1
What is the units digit of 2158616?
6
What is the units digit of 23433727?
7
What is the hundreds digit of 6564455?
4
What is the hundred thousands digit of 637300?
6
What is the hundreds digit of 257458?
4
What is the units digit of 614288?
8
What is the thousands digit of 704665?
4
What is the tens digit of 4498582?
8
What is the thousands digit of 8876198?
6
What is the hundred thousands digit of 306834?
3
What is the hundred thousands digit of 2212722?
2
What is the ten thousands digit of 1188940?
8
What is the hundreds digit of 1135034?
0
What is the tens digit of 612457?
5
What is the tens digit of 1029479?
7
What is the hundred thousands digit of 2881598?
8
What is the thousands digit of 71899?
1
What is the millions digit of 4581667?
4
What is the tens digit of 3973564?
6
What is the ten thousands digit of 567868?
6
What is the ten millions digit of 10694081?
1
What is the tens digit of 586345?
4
What is the thousands digit of 7885622?
5
What is the thousands digit of 389715?
9
What is the hundreds digit of 270100?
1
What is the ten thousands digit of 29186827?
8
What is the thousands digit of 3568832?
8
What is the hundreds digit of 3247159?
1
What is the thousands digit of 509496?
9
What is the ten millions digit of 12632573?
1
What is the tens digit of 117241?
4
What is the ten millions digit of 14280189?
1
What is the hundreds digit of 7024048?
0
What is the tens digit of 2613618?
1
What is the hundreds digit of 7362977?
9
What is the units digit of 584048?
8
What is the ten thousands digit of 704121?
0
What is the thousands digit of 528495?
8
What is the units digit of 2952389?
9
What is the ten thousands digit of 65473?
6
What is the tens digit of 135105?
0
What is the thousands digit of 3741097?
1
What is the hundred thousands digit of 27978448?
9
What is the hundred thousands digit of 7808458?
8
What is the ten thousands digit of 241053?
4
What is the hundreds digit of 1672584?
5
What is the units digit of 1330830?
0
What is the millions digit of 2372083?
2
What is the thousands digit of 819042?
9
What is the hundreds digit of 584132?
1
What is the units digit of 244205?
5
What is the hundreds digit of 13179897?
8
What is the millions digit of 1779291?
1
What is the millions digit of 3647723?
3
What is the tens digit of 1060041?
4
What is the hundred thousands digit of 385583?
3
What is the ten thousands digit of 3518819?
1
What is the units digit of 53884?
4
What is the ten thousands digit of 1985537?
8
What is the hundred thousands digit of 389173?
3
What is the thousands digit of 399114?
9
What is the thousands digit of 7014766?
4
What is the ten thousands digit of 308181?
0
What is the tens digit of 410984?
8
What is the hundreds digit of 965103?
1
What is the units digit of 10625?
5
What is the tens digit of 738106?
0
What is the hundred thousands digit of 15907473?
9
What is the hundreds digit of 43316?
3
What is the units digit of 346226?
6
What is the units digit of 768858?
8
What is the thousands digit of 5447282?
7
What is the tens digit of 2932016?
1
What is the ten thousands digit of 5509296?
0
What is the hundreds digit of 1971565?
5
What is the millions digit of 6853227?
6
What is the millions digit of 15520912?
5
What is the ten thousands digit of 362092?
6
What is the hundreds digit of 2700064?
0
What is the ten thousands digit of 3726075?
2
What is the tens digit of 1967984?
8
What is the hundred thousands digit of 6994814?
9
What is the hundreds digit of 209848?
8
What is the millions digit of 2634639?
2
What is the thousands digit of 866149?
6
What is the hundreds digit of 199210?
2
What is the hundreds digit of 355016?
0
What is the millions digit of 3684147?
3
What is the millions digit of 1041600?
1
What is the ten thousands digit of 23108?
2
What is the units digit of 216589?
9
What is the units digit of 958011?
1
What is the units digit of 1391909?
9
What is the units digit of 4271876?
6
What is the tens digit of 89904?
0
What is the tens digit of 16267216?
1
What is the hundred thousands digit of 2884064?
8
What is the thousands digit of 26387?
6
What is the ten thousands digit of 500762?
0
What is the thousands digit of 497136?
7
What is the millions digit of 9058517?
9
What is the tens digit of 5590017?
1
What is the units digit of 637477?
7
What is the millions digit of 5535755?
5
What is the hundreds digit of 746446?
4
What is the tens digit of 997603?
0
What is the tens digit of 2161899?
9
What is the thousands digit of 5362784?
2
What is the hundreds digit of 97637?
6
What is the units digit of 10720401?
1
What is the millions digit of 5977368?
5
What is the hundreds digit of 384373?
3
What is the thousands digit of 5343025?
3
What is the units digit of 2297000?
0
What is the units digit of 151430?
0
What is the thousands digit of 6168406?
8
What is the tens digit of 281634?
3
What is the tens digit of 737424?
2
What is the ten thousands digit of 588278?
8
What is the hundred thousands digit of 1298724?
2
What is the ten thousands digit of 222754?
2
What is the thousands digit of 242912?
2
What is the units digit of 597976?
6
What is the ten thousands digit of 12009321?
0
What is the thousands digit of 629322?
9
What is the hundreds digit of 2456519?
5
What is the thousands digit of 89535?
9
What is the tens digit of 769030?
3
What is the tens digit of 8513728?
2
What is the units digit of 1829121?
1
What is the millions digit of 1043755?
1
What is the hundreds digit of 2111407?
4
What is the tens digit of 2169030?
3
What is the hundreds digit of 1531756?
7
What is the tens digit of 1529052?
5
What is the units digit of 41468156?
6
What is the ten thousands digit of 191723?
9
What is the hundreds digit of 7617318?
3
What is the thousands digit of 126047?
6
What is the units digit of 389181?
1
What is the tens digit of 1876069?
6
What is the hundreds digit of 4568499?
4
What is the hundreds digit of 48400?
4
What is the tens digit of 10065161?
6
What is the hundred thousands digit of 1427053?
4
What is the ten thousands digit of 150185?
5
What is the thousands digit of 3402388?
2
What is the hundreds digit of 23293234?
2
What is the hundreds digit of 6381483?
4
What is the thousands digit of 625113?
5
What is the ten thousands digit of 1554555?
5
What is the ten thousands digit of 442387?
4
What is the ten thousands digit of 1185032?
8
What is the ten thousands digit of 135391?
3
What is the hundred thousands digit of 11480